-4734 (base 12) in base 7?
-32131
-101001110000 (base 2) to base 15
-bd2
What is -70a (base 14) in base 3?
-1220012
Convert 1011111011111 (base 2) to base 6.
44143
10011100 (base 2) to base 10
156
-95b (base 15) to base 10
-2111
22101112 (base 3) to base 13
2a26
Convert -7583 (base 13) to base 2.
-11111111001011
Convert 2230 (base 5) to base 7.
630
1c76 (base 16) to base 4
1301312
Convert 858 (base 10) to base 7.
2334
-456 (base 8) to base 12
-212
30302 (base 7) to base 4
1302320
Convert -15540 (base 9) to base 15.
-324c
What is 2a4 (base 15) in base 10?
604
-7654 (base 9) to base 2
-1011000000110
Convert 885 (base 9) to base 5.
10400
Convert -2612 (base 7) to base 11.
-81a
Convert -6e (base 16) to base 13.
-86
-2111112000 (base 3) to base 15
-e8b6
What is -4315 (base 8) in base 14?
-b6d
Convert 1026 (base 8) to base 9.
653
What is 143 (base 5) in base 12?
40
270 (base 9) to base 14
121
What is 2012022 (base 3) in base 6?
11225
Convert -1121121112 (base 3) to base 4.
-13300301
What is -101104 (base 6) in base 14?
-2cda
1449 (base 12) to base 7
6612
What is a514 (base 13) in base 7?
123365
1111 (base 2) to base 16
f
What is -3555 (base 6) in base 12?
-5bb
Convert -34034 (base 6) to base 16.
-12a6
100333 (base 4) to base 6
5011
Convert 1337 (base 9) to base 14.
51c
Convert 220023 (base 5) to base 9.
11267
What is -110001011 (base 3) in base 15?
-2904
What is 144303 (base 5) in base 2?
1100000111011
What is 110020 (base 5) in base 10?
3760
What is -17815 (base 12) in base 8?
-102321
What is 80b (base 12) in base 13?
6b6
-593 (base 15) to base 7
-3453
What is 477 (base 11) in base 12?
3b4
120455 (base 6) to base 12
612b
Convert -1640 (base 13) to base 2.
-110010111111
-1011213 (base 4) to base 10
-4455
-21911 (base 10) to base 15
-675b
-17045 (base 9) to base 4
-2312321
c6 (base 14) to base 6
450
22320 (base 4) to base 8
1270
What is 1206 (base 10) in base 7?
3342
What is -9536 (base 11) in base 2?
-11000101001111
1a14 (base 12) to base 7
12166
What is 2ba4 (base 12) in base 16?
142c
What is -29a (base 14) in base 16?
-210
Convert -14ba9 (base 14) to base 15.
-104b7
491 (base 10) to base 8
753
Convert 102101011 (base 3) to base 8.
20145
-1000212 (base 3) to base 2
-1011110000
What is 114244 (base 9) in base 4?
100301320
-331210 (base 4) to base 13
-1a41
What is -2a29 (base 14) in base 12?
-43b9
What is -165 (base 8) in base 6?
-313
What is -229c (base 16) in base 8?
-21234
What is 9213 (base 10) in base 16?
23fd
10011 (base 5) to base 8
1167
Convert -997 (base 12) to base 8.
-2603
-1195 (base 11) to base 2
-11000010100
What is c7 (base 14) in base 10?
175
Convert 112021 (base 5) to base 3.
12111120
What is 605 (base 13) in base 10?
1019
What is -1024 (base 5) in base 12?
-b7
-a250 (base 14) to base 11
-19a66
4e9 (base 16) to base 11
a43
What is -10331 (base 4) in base 10?
-317
Convert 10113111 (base 4) to base 8.
42725
100200 (base 4) to base 10
1056
What is 4f4f (base 16) in base 15?
6038
Convert 165 (base 7) to base 11.
88
What is -113666 (base 7) in base 2?
-101000001100011
Convert -166474 (base 8) to base 3.
-10002022100
Convert -10010101111100 (base 2) to base 9.
-14142
Convert 22788 (base 9) to base 4.
3231323
-10100000000 (base 2) to base 6
-5532
-857b (base 14) to base 7
-124114
Convert 110111011111 (base 2) to base 10.
3551
Convert -17243 (base 9) to base 10.
-11865
What is 22044 (base 5) in base 9?
2073
-3602 (base 9) to base 13
-12aa
What is 226 (base 9) in base 3?
20220
What is 20201 (base 3) in base 7?
346
Convert 200013 (base 5) to base 11.
477a
What is 23221121 (base 4) in base 5?
3011310
What is -110313 (base 5) in base 12?
-2275
6004 (base 15) to base 10
20254
1530a (base 14) to base 13
1b006
What is 32253 (base 8) in base 5?
412413
75 (base 14) to base 11
94
-1420 (base 9) to base 14
-567
Convert 1326 (base 8) to base 6.
3210
What is -1079a (base 12) in base 6?
-245114
Convert -51411 (base 8) to base 7.
-115655
Convert 11110100101100 (base 2) to base 12.
9090
What is -10001010111 (base 2) in base 10?
-1111
Convert -2360 (base 8) to base 3.
-1201211
What is -1459 (base 12) in base 4?
-211011
What is -27 (base 16) in base 7?
-54
Convert 6a (base 14) to base 15.
64
What is 6155 (base 10) in base 16?
180b
Convert -717 (base 11) to base 8.
-1541
Convert 40b (base 13) to base 16.
2af
Convert -1455 (base 12) to base 13.
-1103
Convert -b5d (base 15) to base 14.
-d11
Convert -13422 (base 5) to base 7.
-3146
-22232 (base 5) to base 12
-aa7
726 (base 8) to base 13
2a2
33111 (base 8) to base 16
3649
Convert 6a1 (base 16) to base 7.
4643
Convert -337 (base 13) to base 12.
-3a1
2243 (base 9) to base 12
b63
What is -221441 (base 5) in base 10?
-7746
Convert 90b0 (base 13) to base 8.
46714
What is 8b0 (base 12) in base 11?
a68
-1333 (base 7) to base 14
-28a
-135 (base 8) to base 3
-10110
-1348 (base 10) to base 3
-1211221
Convert -11303 (base 6) to base 8.
-3127
807 (base 12) to base 6
5211
What is 314404 (base 5) in base 14?
3c16
Convert -2033 (base 5) to base 11.
-224
Convert -28212 (base 10) to base 6.
-334340
Convert 205 (base 15) to base 16.
1c7
What is -4761 (base 8) in base 5?
-40140
Convert 102200200 (base 3) to base 6.
103243
Convert 325 (base 8) to base 3.
21220
What is b6a (base 12) in base 11?
1285
Convert 24b6 (base 14) to base 9.
8736
11032 (base 5) to base 12
53b
Convert -43682 (base 9) to base 12.
-1493b
Convert 63 (base 13) to base 15.
56
What is 213 (base 7) in base 15?
73
Convert 1645 (base 7) to base 13.
3c7
Convert -234212 (base 7) to base 2.
-1010010100111000
15041 (base 9) to base 8
24003
Convert -63561 (base 9) to base 8.
-122035
What is 2b42 (base 12) in base 8?
11742
Convert -1211011 (base 3) to base 5.
-20302
Convert -5070 (base 8) to base 12.
-1620
Convert -134000 (base 6) to base 4.
-3003300
5025 (base 12) to base 13
3c3b
1161 (base 8) to base 2
1001110001
Convert -121 (base 10) to base 2.
-1111001
14830 (base 9) to base 3
111221000
-11101101000 (base 2) to base 8
-3550
What is 2990 (base 15) in base 8?
21316
What is -11450 (base 6) in base 13?
-9c9
11132212 (base 4) to base 6
251514
What is -261 (base 11) in base 9?
-373
b2a0 (base 12) to base 8
45730
Convert -31206 (base 7) to base 12.
-4516
Convert 21301001 (base 4) to base 14.
10813
94c7 (base 13) to base 9
31242
What is -487 (base 10) in base 16?
-1e7
What is 4077 (base 14) in base 15?
343b
-221101001 (base 3) to base 16
-4840
What is -1011221 (base 3) in base 6?
-3554
Convert 96 (base 16) to base 8.
226
Convert -101110 (base 2) to base 5.
-141
What is 1b70 (base 13) in base 5?
113042
What is 11000100110 (base 2) in base 5?
22244
What is 2041 (base 5) in base 16?
10f
What is -8071 (base 13) in base 5?
-1031133
What is 46857 (base 9) in base 13?
11341
Convert -33a (base 15) to base 14.
-3a2
4001 (base 6) to base 14
45b
What is -3b90 (base 13) in base 11?
-6489
Convert 20455 (base 6) to base 15.
c4b
What is -1206 (base 10) in base 15?
-556
What is -1000010101 (base 2) in base 4?
-20111
What is 608 (base 9) in base 16?
1ee
Convert 142 (base 9) to base 10.
119
What is 1483 (base 12) in base 15?
aa3
Convert 409a (base 11) to base 15.
1923
1fe1 (base 16) to base 12
4881
2031012 (base 4) to base 12
5286
Convert 700 (base 10) to base 16.
2bc
Convert -11001111100 (base 2) to base 14.
-868
Convert -1331 (base 6) to base 4.
-11113
6597 (base 15) to base 12
10551
1ac4 (base 14) to base 6
34324
What is 1110202 (base 3) in base 13?
647
Convert 220010 (base 4) to base 12.
1598
What is -4521 (base 6) in base 13?
-634
Convert 61653 (base 7) to base 11.
10370
Convert 1804 (base 9) to base 8.
2545
-2141 (base 7) to base 4
-23330
-1425 (base 13) to base 15
-cd9
2123 (base 15) to base 3
100121120
Convert 64d (base 15) to base 5.
21143
-292 (base 13) to base 2
-111001001
Convert 12 (base 14) to base 12.
14
-10039 (base 12) to base 7
-114405
Convert 748 (base 14) to base 16.
59c
-10000110001 (base 2) to base 9
-1422
Convert -33303 (base 5) to base 2.
-100100011000
28ee (base 15) to base 4
2021012
Convert ca1 (base 13) to base 11.
1693
What is 4990 (base 15) in base 4?
3310230
Convert 42144 (base 6) to base 7.
22363
Convert -144203 (base 6) to base 11.
-a496
287 (base 16) to base 11
539
What is -734 (base 12) in base 15?
-49d
1020212 (base 4) to base 8
11046
What is 22665 (base 9)